{"id":6646,"date":"2024-08-21T08:27:08","date_gmt":"2024-08-21T06:27:08","guid":{"rendered":"https:\/\/smartlivingnext.de\/?post_type=veranstaltung&#038;p=6646"},"modified":"2024-08-21T08:35:47","modified_gmt":"2024-08-21T06:35:47","slug":"5-netzwerktreffen-innovationsnetzwerk-funktionsfassade","status":"publish","type":"veranstaltung","link":"https:\/\/smartlivingnext.de\/en\/veranstaltung\/5-netzwerktreffen-innovationsnetzwerk-funktionsfassade\/","title":{"rendered":"5. Netzwerktreffen Innovationsnetzwerk Funktionsfassade\u00a0"},"content":{"rendered":"\n<p>Am 13. September 2024 findet in den R\u00e4umlichkeiten von Berlin Partner im Ludwig-Erhard-Haus das f\u00fcnfte Netzwerktreffen des Innovationsnetzwerkes Funktionsfassade statt. Zwischen 10.00 und 16.00 Uhr kommen hier Unternehmen, Investoren und wissenschaftliche Institutionen zusammen, um \u00fcber die Entwicklung neuartiger Ans\u00e4tze und Technologien f\u00fcr Geb\u00e4udeh\u00fcllen zu diskutieren. Auch SmartLivingNEXT wird mit Michael Schidlack, Projektleitung im SmartLivingNEXT Leitprojekt, vertreten sein. In seinem Vortrag sollen unter anderem die Aspekte Nachhaltigkeit und Energieeffizienz in einem KI-basierten \u00d6kosystem f\u00fcr die Dom\u00e4ne Smart Living erl\u00e4utert werden.\u00a0<\/p>\n","protected":false},"excerpt":{"rendered":"<p>Am 13. September 2024 findet in den R\u00e4umlichkeiten von Berlin Partner im Ludwig-Erhard-Haus das f\u00fcnfte Netzwerktreffen des Innovationsnetzwerkes Funktionsfassade statt. Zwischen 10.00 und 16.00 Uhr kommen hier Unternehmen, Investoren und wissenschaftliche Institutionen zusammen, um \u00fcber die Entwicklung neuartiger Ans\u00e4tze und Technologien f\u00fcr Geb\u00e4udeh\u00fcllen zu diskutieren. Auch SmartLivingNEXT wird mit Michael Schidlack, Projektleitung im SmartLivingNEXT Leitprojekt, [&hellip;]<\/p>\n","protected":false},"template":"","categories":[25,32],"class_list":["post-6646","veranstaltung","type-veranstaltung","status-publish","hentry","category-leitprojekt","category-smartlivingnext"],"acf":[],"_links":{"self":[{"href":"https:\/\/smartlivingnext.de\/en\/wp-json\/wp\/v2\/veranstaltung\/6646","targetHints":{"allow":["GET"]}}],"collection":[{"href":"https:\/\/smartlivingnext.de\/en\/wp-json\/wp\/v2\/veranstaltung"}],"about":[{"href":"https:\/\/smartlivingnext.de\/en\/wp-json\/wp\/v2\/types\/veranstaltung"}],"wp:attachment":[{"href":"https:\/\/smartlivingnext.de\/en\/wp-json\/wp\/v2\/media?parent=6646"}],"wp:term":[{"taxonomy":"category","embeddable":true,"href":"https:\/\/smartlivingnext.de\/en\/wp-json\/wp\/v2\/categories?post=6646"}],"curies":[{"name":"wp","href":"https:\/\/api.w.org\/{rel}","templated":true}]}}

<p>Am 13. September 2024 findet in den Räumlichkeiten von Berlin Partner im Ludwig-Erhard-Haus das fünfte Netzwerktreffen des Innovationsnetzwerkes Funktionsfassade statt. Zwischen 10.00 und 16.00 Uhr kommen hier Unternehmen, Investoren und wissenschaftliche Institutionen zusammen, um über die Entwicklung neuartiger Ansätze und Technologien für Gebäudehüllen zu diskutieren. Auch SmartLivingNEXT wird mit Michael Schidlack, Projektleitung im SmartLivingNEXT Leitprojekt, vertreten sein. In seinem Vortrag sollen unter anderem die Aspekte Nachhaltigkeit und Energieeffizienz in einem KI-basierten Ökosystem für die Domäne Smart Living erläutert werden. </p>

<p>Am 13. September 2024 findet in den Räumlichkeiten von Berlin Partner im Ludwig-Erhard-Haus das fünfte Netzwerktreffen des Innovationsnetzwerkes Funktionsfassade statt. Zwischen 10.00 und 16.00 Uhr kommen hier Unternehmen, Investoren und wissenschaftliche Institutionen zusammen, um über die Entwicklung neuartiger Ansätze und Technologien für Gebäudehüllen zu diskutieren. Auch SmartLivingNEXT wird mit Michael Schidlack, Projektleitung im SmartLivingNEXT Leitprojekt, [&hellip;]</p>
